is the thousands digit of v?
0
Let p(j) = 7*j + 45. Let z be p(-6). Suppose 4*o - 2*i - 802 = -3*i, z*o - 598 = i. What is the tens digit of o?
0
Let i(z) = 75*z**2 - 10*z - 17. Let q be i(7). Let c be q/30 - 8/(-20). Suppose -c = 2*n - 3*n. What is the units digit of n?
0
What is the hundreds digit of 1723*6*-1*(650/39 - 18)?
7
Let n = 12608 + 35247. What is the ten thousands digit of n?
4
Let k be (-20)/(-6)*12/10. Let p(u) = 37*u - 345. Let v be p(10). Suppose 5*m - 184 = k*g - 2, m = -3*g + v. What is the tens digit of m?
3
Suppose -2*f - 5*k + 6074 - 95 = 0, 3006 = f - 3*k. Suppose f = 36*t - 15723. What is the hundreds digit of t?
5
Let h(o) = -1270*o - 4. Let s be h(-1). Suppose -2*f = 2*u - 1092, -2*f + s - 182 = 4*u. Suppose f = 8*d - 482. What is the units digit of d?
9
Suppose 0 = 114*w - 206*w + 122*w - 240720. What is the thousands digit of w?
8
Suppose -4*x = -b + 15, -4*b = -2*x + 5*x - 3. Let a be (-1 - -2)/(b/(-42) + 0). What is the hundreds digit of (24/a - (-18)/(-63)) + 144?
1
Let c = -105 - -107. Suppose -609 = -2*i - c*i - s, 4*s = -5*i + 753. What is the tens digit of i?
5
Let v(p) = 7*p + 11. Let b be v(18). Suppose 133*d + 424 = b*d. What is the units digit of d?
6
Let d = -35 + 40. Suppose -4*f - u = -4056, -d*f + 5070 = 7*u - 3*u. Suppose 0 = -4*y - 9*y + f. What is the tens digit of y?
7
Let v = 62 + -81. Let j(g) = g + 17. Let u be j(v). What is the units digit of (u/4)/((-5)/1230)?
3
Suppose -5*u + 84831 = -4*b, 0 = 2*u - 0*u + b - 33948. What is the ten thousands digit of u?
1
Let s be (-2)/6*(-2 + 2) + -21492. What is the units digit of 4/6*s/(-24)?
7
Let s be (-160)/120*(-6)/(2/1). Suppose -s*d + 5*d = 3*z + 559, -4*d + 2220 = -4*z. What is the hundreds digit of d?
5
Let c(y) = 4*y + 134. Let m be c(-16). What is the units digit of (8/(-2))/((-7)/m)?
0
Suppose -2*u + 492 = 6*m - 2*m, -628 = -5*m + 4*u. Suppose 2*t - 3*t = 3*i - 4, 0 = -i + 5*t - 20. Suppose 2*a - m - 30 = i. What is the units digit of a?
7
Suppose 74*b - 205*b = -3417659. What is the units digit of b?
9
Suppose 0 = u + 2*s - 27590, -4*u + 105319 + 4963 = -5*s. What is the tens digit of u?
7
Let r(m) = 268*m + 172. Let d(o) = -2*o**2 - 32*o + 120. Let p be d(-19). What is the tens digit of r(p)?
8
Suppose -5*t = -2*k + 11507, 75*k - 74*k - 5749 = t. What is the units digit of k?
6
Suppose 0 = -4*v + 168 - 48. Let s = -100 + v. What is the units digit of (-1 + 1 - -81)*s/(-42)?
5
Let c be (-160)/(-7) - 7/(-49). Let v(o) be the second derivative of 2*o**3/3 - 2*o**2 + 5*o. What is the tens digit of v(c)?
8
Let y = -40 + 42. Suppose -4*x + 5*q = -1231, -x - q + 312 = y*q. What is the tens digit of x?
0
What is the tens digit of (11 + -21)/(-1 - -3) + 11 + 11813?
1
Let z(v) = 16*v - 73. Suppose 71 = 4*f - 5*c, -5*f = c - 4 - 63. What is the hundreds digit of z(f)?
1
Let w = -33 + 37. Let x be (0/w + 0)*1. Suppose 0*f - 2*f - 3*a + 120 = x, 0 = -4*f + 2*a + 256. What is the tens digit of f?
6
Let k be (8/6)/(14/1176). Let n = -35 + k. Suppose 3*l - 299 = -n. What is the units digit of l?
4
What is the hundreds digit of 3/((-9)/(-15)) + (-420348)/(-46)?
1
Suppose -3*w + 2*l = -22, -w - l = w - 10. Let p(s) = -s**2 + 13*s. Let n be p(w). Suppose -3*r + 210 = n. What is the units digit of r?
6
Let c(h) = 6*h - 22. Let u be c(3). What is the tens digit of u + (4 - (-317 + -3 - -3))?
1
What is the hundreds digit of (4 + -9 - -2)*(-28902)/18?
8
Let o(w) = w**2 - 8*w - 11. Let f be o(10). Suppose r - 12 = -f. Suppose 174 = 2*i - y, 360 = 4*i - r*y - 2*y. What is the tens digit of i?
8
Suppose 0 = -5*q - 5*r + 68709 + 22466, 2*q - 36471 = -r. What is the tens digit of q?
3
Let b(g) = 2*g**2 - g + 1. Let n be b(1). Suppose -4*o + 2*k = -1560, -o + 408 - 12 = -n*k. What is the units digit of o?
8
Let g(m) = 44*m**2 + 5*m - 17. Let j be g(-5). Suppose -5*n - j = -2943. What is the hundreds digit of n?
3
Let f be (234/(-2))/(-1 - 3 - -5). Let a = 122 + f. Suppose 303 = d + 4*m + 34, 2*d - 532 = -a*m. What is the units digit of d?
1
What is the units digit of -179*(-3648)/190 + (-4)/5?
6
Suppose -86350 = -2*p + 4*q, 3*p + 6*q - 8*q = 129489. What is the tens digit of p?
5
Let o = -30425 - -45317. What is the tens digit of o?
9
What is the tens digit of ((-185400)/1200)/((-1)/((-8)/(-6)))?
0
Suppose 0 = -5*u + 599 + 161. Let k = u + -98. Let f = 21 + k. What is the units digit of f?
5
Let j(d) = d**2 + d**3 + 286 - 2*d**3 - 292 + 9*d. Let v be j(3). Suppose g - v*u - 22 = 115, -25 = 5*u. What is the hundreds digit of g?
1
Let h(d) = 3*d**2 + d + 158. Let s(n) = n**2 - 4*n. Let q be s(4). Suppose -l - 3*l + l = q. What is the units digit of h(l)?
8
Let p = 49 - 55. Let x(s) = -2*s**3 + 5*s**2 + 7*s - 24. What is the hundreds digit of x(p)?
5
Suppose 2741289 = 130*i + 137*i. What is the thousands digit of i?
0
Let d = -1152 - -711. Let j(t) = 740*t - 2296. Let c be j(4). Let z = d + c. What is the hundreds digit of z?
2
Suppose 114*d = 162*d - 230705 - 187327. What is the tens digit of d?
0
Let p(i) = -2710*i - 554. What is the thousands digit of p(-5)?
2
Let h be (-10)/(-20)*-2*166. Suppose 0*w - 5 = w, -297 = u + 3*w. Let r = h - u. What is the tens digit of r?
1
Let w(n) = -n**3 + 8*n**2 - 13*n - 24. Let y be w(5). What is the hundreds digit of 4/y + 0 + 9762/14?
6
Let l be (0 - (-5940)/14) + (-6)/21. Suppose 7*t = l + 52. What is the tens digit of t?
6
Let z(b) = 2047*b - 2490. What is the hundreds digit of z(5)?
7
Let j be 14/((1 - 1 - 2)*1). Let n = j - -9. Suppose -n*w + 505 = 3*w. What is the units digit of w?
1
Let r = 9715 + -4493. What is the thousands digit of r?
5
Suppose 53 = n - 2*g - 29, 4*n - 5*g - 313 = 0. Let x be 17/68*16*2. Suppose 16 = x*a - n. What is the units digit of a?
1
Let o = -55 + 63. Suppose 0 = -2*x + 3*s + 89, -o*x + 3*s = -3*x - 227. Suppose x = y + 3*a, -a = 2*a - 12. What is the tens digit of y?
3
Let a be -1*((4 - 5) + -1503). Let w = -759 + a. What is the units digit of w?
5
Suppose 7721 = -3*h + 54017. What is the tens digit of h?
3
What is the tens digit of (-4 + (-3 + 9 + -6)/(-2))*-2066?
6
Let r = 40 + -40. Suppose 10 + 29 = n - 4*s, r = n - 2*s - 43. Let v = n + -8. What is the units digit of v?
9
Let r be -14*(1 - (7/2 + -1)). Let s(d) = -8*d + d**3 - r + 6*d - 8*d + 6*d**2. What is the units digit of s(-5)?
4
Let t(i) = 4*i + 39. Let l be t(-9). What is the units digit of 2/l - (-8725)/75?
7
Suppose 11*m - 174 = 1718. Suppose -f - 3*p + m = 0, -4*f + 30 = p - 625. What is the hundreds digit of f?
1
Suppose -2*m - a + 24 - 25 = 0, -m - 3 = 3*a. Suppose -5*q + s + 3272 = m, -5*s + 3278 = 5*q - 4*s. What is the tens digit of q?
5
Let j(m) be the first derivative of 4*m**3/3 + 5*m**2/2 - 1. Let a be j(-2). Let h(b) = 8*b + 13. What is the units digit of h(a)?
1
What is the units digit of (-214758)/(-16) + 32/((-3584)/42)?
2
What is the units digit of -10*(-10 - (1837 - 4))?
0
Suppose 0 = 12*q - 21*q + 36. Suppose -5*s = 0, -q*s + 89 = 5*t - 91. What is the units digit of t?
6
Let p(k) = k**3 + 11*k**2 + 12*k + 21. Let j be p(-10). What is the tens digit of (1*-3)/(36/(-10920)*j)?
1
Let v(l) = -l**3 + 8*l**2 - 45*l + 258. What is the thousands digit of v(-30)?
5
Suppose -5*q - k + 0*k = 51, 0 = -4*q + 3*k - 56. Let i(v) be the first derivative of -7*v**2 - 37*v - 194. What is the hundreds digit of i(q)?
1
Suppose -10*s + 2*s = -7*s. Suppose s - 10 = 5*p, 2*q - 3*p = 1142. Suppose -62 = -6*v + q. What is the units digit of v?
5
Let w = -749 + 772. Suppose 0 = -w*r + 5*r + 21870. What is the tens digit of r?
1
Suppose 3*m - 34768 = -2*w + 7937, 2*w + 42669 = 3*m. What is the ten thousands digit of m?
1
Suppose -49818 = -3*w + 3*y, 6*w = 10*w + 5*y - 66370. What is the units digit of w?
0
Let d = 60 + -55. Let u(a) = a**2 - 10*a. Let t be u(10). Suppose -2*o - d*o + 910 = t. What is the units digit of o?
0
Suppose 8 = h - 4*x - 7, 3*x = -9. Suppose 2 = -a, 0 = -5*m - 0*a + h*a - 4974. What is the tens digit of -1 + (m/(-8))/3*2?
8
Suppose -4*q + 4*m + 600 = 0, 12*m = 2*q + 8*m - 300. Suppose -146*g + q*g = 688. What is the hundreds digit of g?
1
Let l = 69 + -63. Let p be (-1)/(2 + (-9)/l). What is the tens digit of 3/(p - -1)*785/(-15)?
5
Let q be (-10868)/(-11) - (-2)/4*0. Suppose 4*d - 8 = 0, 3*d = b + 5*d - q. What is t